{"id":5602,"date":"2024-05-20T13:00:31","date_gmt":"2024-05-20T11:00:31","guid":{"rendered":"https:\/\/www.silejazz.com\/web\/?page_id=5602"},"modified":"2024-05-28T18:41:29","modified_gmt":"2024-05-28T16:41:29","slug":"edizione-2024","status":"publish","type":"page","link":"https:\/\/www.silejazz.com\/web\/edizione-2024\/","title":{"rendered":"Edizione 2024"},"content":{"rendered":"\t\t<div data-elementor-type=\"wp-page\" data-elementor-id=\"5602\" class=\"elementor elementor-5602\">\n\t\t\t\t\t\t\t\t\t<section class=\"elementor-section elementor-top-section elementor-element elementor-element-b51d145 elementor-section-content-middle elementor-section-boxed elementor-section-height-default elementor-section-height-default\" data-id=\"b51d145\" data-element_type=\"section\">\n\t\t\t\t\t\t<div class=\"elementor-container elementor-column-gap-default\">\n\t\t\t\t\t<div class=\"elementor-column elementor-col-100 elementor-top-column elementor-element elementor-element-2f5f08c\" data-id=\"2f5f08c\" data-element_type=\"column\">\n\t\t\t<div class=\"elementor-widget-wrap elementor-element-populated\">\n\t\t\t\t\t\t\t\t<div class=\"elementor-element elementor-element-f823134 elementor-widget elementor-widget-image\" data-id=\"f823134\" data-element_type=\"widget\" data-widget_type=\"image.default\">\n\t\t\t\t<div class=\"elementor-widget-container\">\n\t\t\t<style>\/*! elementor - v3.13.3 - 22-05-2023 *\/\n.elementor-widget-image{text-align:center}.elementor-widget-image a{display:inline-block}.elementor-widget-image a img[src$=\".svg\"]{width:48px}.elementor-widget-image img{vertical-align:middle;display:inline-block}<\/style>        <div class=\"elementor-image\">\n                                                <img loading=\"lazy\" decoding=\"async\" width=\"1609\" height=\"630\" src=\"https:\/\/www.silejazz.com\/web\/wp-content\/uploads\/2024\/05\/SileJazz_AcqueSonore2024_copertina-1.jpg\" class=\"attachment-full size-full wp-image-5692\" alt=\"\" srcset=\"https:\/\/www.silejazz.com\/web\/wp-content\/uploads\/2024\/05\/SileJazz_AcqueSonore2024_copertina-1.jpg 1609w, https:\/\/www.silejazz.com\/web\/wp-content\/uploads\/2024\/05\/SileJazz_AcqueSonore2024_copertina-1-300x117.jpg 300w, https:\/\/www.silejazz.com\/web\/wp-content\/uploads\/2024\/05\/SileJazz_AcqueSonore2024_copertina-1-1024x401.jpg 1024w, https:\/\/www.silejazz.com\/web\/wp-content\/uploads\/2024\/05\/SileJazz_AcqueSonore2024_copertina-1-768x301.jpg 768w, https:\/\/www.silejazz.com\/web\/wp-content\/uploads\/2024\/05\/SileJazz_AcqueSonore2024_copertina-1-1536x601.jpg 1536w, https:\/\/www.silejazz.com\/web\/wp-content\/uploads\/2024\/05\/SileJazz_AcqueSonore2024_copertina-1-400x157.jpg 400w\" sizes=\"auto, (max-width: 1609px) 100vw, 1609px\" \/>                                                            <\/div>\n        \t\t<\/div>\n\t\t\t\t<\/div>\n\t\t\t\t<div class=\"elementor-element elementor-element-0833189 elementor-widget elementor-widget-text-editor\" data-id=\"0833189\" data-element_type=\"widget\" data-widget_type=\"text-editor.default\">\n\t\t\t\t<div class=\"elementor-widget-container\">\n\t\t\t<style>\/*! elementor - v3.13.3 - 22-05-2023 *\/\n.elementor-widget-text-editor.elementor-drop-cap-view-stacked .elementor-drop-cap{background-color:#69727d;color:#fff}.elementor-widget-text-editor.elementor-drop-cap-view-framed .elementor-drop-cap{color:#69727d;border:3px solid;background-color:transparent}.elementor-widget-text-editor:not(.elementor-drop-cap-view-default) .elementor-drop-cap{margin-top:8px}.elementor-widget-text-editor:not(.elementor-drop-cap-view-default) .elementor-drop-cap-letter{width:1em;height:1em}.elementor-widget-text-editor .elementor-drop-cap{float:left;text-align:center;line-height:1;font-size:50px}.elementor-widget-text-editor .elementor-drop-cap-letter{display:inline-block}<\/style>\t\t<div class=\"elementor-text-editor elementor-clearfix\"><p>Per la XIII edizione di Sile Jazz la rassegna si decliner\u00e0 in diciassette appuntamenti, dal 7 giugno al 27 luglio, in 14 Comuni tra le province di Treviso e Venezia, seguendo il placido corso del fiume Sile.<\/p><\/div>\n\t\t\t\t<\/div>\n\t\t\t\t<\/div>\n\t\t\t\t<div class=\"elementor-element elementor-element-3088364 elementor-widget elementor-widget-text-editor\" data-id=\"3088364\" data-element_type=\"widget\" data-widget_type=\"text-editor.default\">\n\t\t\t\t<div class=\"elementor-widget-container\">\n\t\t\t\t\t<div class=\"elementor-text-editor elementor-clearfix\"><p>\u00c8 il festival pi\u00f9 green del Veneto. Unire la musica alla natura, seguendo in punta di piedi il percorso, sinuoso e placido, del fiume Sile \u00e8 stata la mission di <span style=\"text-decoration: underline;\">Sile Jazz<\/span> fin dalla sua prima edizione.<\/p><p>Una rassegna che fa parte della rete Jazz Takes the Green, che ha portato, sempre con delicatezza e attenzione alla convivenza di ecosistemi naturali e culturali, 171 concerti e 19.500 persone ad ascoltare jazz, scoprendo un territorio meraviglioso.<br \/>Per l\u2019edizione numero 13 il direttore artistico Alessandro Fedrigo ha realizzato un percorso itinerante di 17 appuntamenti con il jazz in 14 Comuni delle province di Treviso e Venezia.<\/p><p>\u201cCon grande soddisfazione \u2013 sottolinea Fedrigo &#8211; ci apprestiamo ad esplorare anche quest\u2019anno le rive del Sile in un percorso musicale fatto di artisti straordinari, giovani talenti, nuove produzioni in luoghi sempre suggestivi con escursioni tra musica, acqua e terra. A guidarci, come sempre, sar\u00e0 la curiosit\u00e0 di scoprire qualcosa di nuovo\u201d.<\/p><p>Big del jazz europeo come Paul Van Kemenade Classic Quintet, Heliotrope o Eve Beuvens &amp; Mikael God\u00e9e Quartet si andranno ad affiancare a proposte musicali che spaziano dal jazz pi\u00f9 tradizionale alla sperimentazione dipingendo un quadro straordinario della contemporaneit\u00e0 del genere.<br \/>Immancabili gli eventi speciali come l\u2019Eco Day con la pulizia del fiume Sile, la Passeggiata Sonora per Treviso e la tradizionale Crociera Jazz in Laguna che chiuder\u00e0 l\u2019edizione.<\/p><p>LOCATION<\/p><p>I 14 Comuni coinvolti in Sile Jazz saranno, nel Trevigiano, Quinto di Treviso, Casier, Silea, Roncade, Casale sul Sile, Istrana, Morgano, Mogliano Veneto, Vedelago, Zero Branco, Preganziol e Treviso, e, nel Veneziano, Jesolo, Quarto d\u2019Altino e Venezia.<br \/>Per la prima volta saranno abitati dalla musica location come Casa Cozzi a Zero Branco, il Parco di Cortellazzo e il Salice degli Innamorati a Buranelli, Treviso.<\/p><p>IL PROGRAMMA<\/p><p>Sile Jazz inizia da \u201ccasa\u201d inaugurando la tredicesima edizione con un primo fine settimana live sule rive del fiume. Il debutto, diventato ormai una tradizione, al Porticciolo di Casale sul Sile, Treviso, sar\u00e0 con l\u2019Enrico Casarotto Trio (7 giugno, ore 21) che si racconta attraverso composizioni originali di Casarotto frutto di una scrittura jazz contemporanea, mista a elementi caratteristici del rock e dell\u2019improvvisazione. Il secondo live (8 giugno, ore 21) porta sul palco Piazza San Michele, Quarto d\u2019Altino, Venezia, un big del jazz europeo come l\u2019olandese Paul Van Kemenade Classic Quintet che ha alle spalle una storia di note lunga oltre 40 anni. A chiudere il primo fine settimana, a Villa Lattes di Istrana, Treviso, sar\u00e0 il Giacomo Aula Trio (9 giugno, ore 21), composto dal pianista che d\u00e0 il nome al progetto con il contrabbassista israeliano Dani Sorek e il batterista Francesco Scopelliti.<\/p><p>In apertura del secondo fine settimana di musica, il Parco dell\u2019Isola, Roncade, Treviso, ospiter\u00e0 il duo Heliotrope (14 giugno, ore 21) dei canadesi Fran\u00e7ois Houle e Gordon Grdina che attingono senza soluzione di continuit\u00e0 dalla tradizione jazz americana, dall\u2019avant-jazz e dalla classica. Si continuer\u00e0 nella Biblioteca di Preganziol, Treviso, con il progetto Two and the Machine (15 giugno, ore 21) che vede assieme il trombettista Michele Tedesco, il batterista Gian Ranieri Bertoncini e\u2026 l\u2019emettitore sonoro digitale PCQ5M979Y0, e in Piazza Pio X, Casier, Treviso con il jazz vivace e armonioso del Valdobbiadenejazz Ensemble (16 giugno, ore 21) evento culminante l\u2019\u201cEco Day The Clean River\u201d.<\/p><p>La terza settimana sar\u00e0 tenuta a battesimo dal Piero Gaddi Quartet (con l\u2019innesto del chitarrista svedese Bj\u00f8rn Solli) nel Parco della Centrale Idroelettrica di Silea, Treviso (21 giugno, ore 21) seguita da un doppio programma a Treviso (22 giugno), prima con l\u2019evento realizzato nell\u2019ambito del Public Program del Padiglione Italia alla Biennale Arte 2024\u00a0\u2013 curato da Luca Cerizza\u00a0 e\u00a0promosso dalla Direzione Generale Creativit\u00e0 Contemporanea del Ministero della Cultura \u2013,\u00a0la\u00a0performance\u00a0al Salice degli Innamorati \u201cBallad for a\u00a0Tree\u201d\u00a0dell\u2019artista Massimo Bartolini con il clarinettista Alberto Collodel (ore 18.30), poi con il Michele Polga Quartet alla Loggia dei Cavalieri (ore 21). L\u2019Oasi di Cervara a Quinto di Treviso ospiter\u00e0, il giorno dopo, il quartetto Patterns for Transcendence, guidato dal bassista Leonardo Barbierato (23 giugno, ore 18.30).<\/p><p>Si arriva al mare, nel weekend successivo, con il trio della contrabbassista Federica Michisanti (28 giugno, ore 21) attesa al Porto di Cortellazzo, Venezia, per poi tornare nella Marca, al Casello 104 di Morgano, Treviso, con le Atmosfere rarefatte lynchiane del Marco Cesarini &amp; Henry Mclusky (29 giugno, ore 21).<\/p><p>Intensissima la settimana successiva di programmazione che si apre al Parco della Cultura Antonio Caregaro Negrin, Mogliano Veneto, Treviso, grazie al jazz arioso e poetico del Eve Beuvens &amp; Mikael God\u00e9e Quartet (5 luglio, ore 21), per arrivare, per la prima volta, a Casa Luisa e Gaetano Cozzi, Zero Branco, Treviso, nel concerto Return&amp;Crossing realizzato in collaborazione con Fondazione Benetton (6 luglio, ore 21) e chiudersi con la giornata nel centro di Treviso (7 luglio) che si inaugurer\u00e0 alle 10 con la Passeggiata Sonora per la citt\u00e0 in collaborazione con Rocking Motion impreziosita dalle performance sonore dei Satoyama, protagonisti del concerto alle 21 alla Loggia dei Cavalieri.<\/p><p>Extradate a Villa Grimani Morosini Gatterburg, Albaredo di Vedelago, Treviso, grazie al finale basato sulla fantasia del duo piano\/sassofono di Tommaso Genovesi e Alberto Vianello (14 luglio, ore 21).<\/p><p>L\u2019arrivederci al prossimo anno di Sile Jazz lo dar\u00e0 la tradizionale e seguitissima Crociera Jazz in Laguna che partir\u00e0 il 27 luglio alle 18.30 da Portegrandi di Quarto d\u2019Altino alla scoperta della Laguna di Venezia accompagnati dalle note di Pentatrio.<\/p><\/div>\n\t\t\t\t<\/div>\n\t\t\t\t<\/div>\n\t\t\t\t\t<\/div>\n\t\t<\/div>\n\t\t\t\t\t\t\t<\/div>\n\t\t<\/section>\n\t\t\t\t<section class=\"elementor-section elementor-top-section elementor-element elementor-element-6602ff6 elementor-section-boxed elementor-section-height-default elementor-section-height-default\" data-id=\"6602ff6\" data-element_type=\"section\">\n\t\t\t\t\t\t<div class=\"elementor-container elementor-column-gap-default\">\n\t\t\t\t\t<div class=\"elementor-column elementor-col-50 elementor-top-column elementor-element elementor-element-cee9cd4\" data-id=\"cee9cd4\" data-element_type=\"column\">\n\t\t\t<div class=\"elementor-widget-wrap elementor-element-populated\">\n\t\t\t\t\t\t\t\t<div class=\"elementor-element elementor-element-1bc9f66 elementor-widget elementor-widget-text-editor\" data-id=\"1bc9f66\" data-element_type=\"widget\" data-widget_type=\"text-editor.default\">\n\t\t\t\t<div class=\"elementor-widget-container\">\n\t\t\t\t\t<div class=\"elementor-text-editor elementor-clearfix\"><p>INFO e BIGLIETTI<\/p><p>Biglietto (ad eccezione di eventi speciali) \u20ac 3,00 + commissioni su oooh.events; \u20ac 5,00 in loco, fino a esaurimento posti.<\/p><p>In caso di maltempo i concerti si terranno in un luogo al coperto vicino alla venue: il giorno del concerto consulta le pagine Facebook e Instagram di Sile Jazz per sapere dove si terr\u00e0 l\u2019evento.<\/p><\/div>\n\t\t\t\t<\/div>\n\t\t\t\t<\/div>\n\t\t\t\t\t<\/div>\n\t\t<\/div>\n\t\t\t\t<div class=\"elementor-column elementor-col-50 elementor-top-column elementor-element elementor-element-e4b0c25\" data-id=\"e4b0c25\" data-element_type=\"column\">\n\t\t\t<div class=\"elementor-widget-wrap elementor-element-populated\">\n\t\t\t\t\t\t\t\t<div class=\"elementor-element elementor-element-21fa402 elementor-widget elementor-widget-text-editor\" data-id=\"21fa402\" data-element_type=\"widget\" data-widget_type=\"text-editor.default\">\n\t\t\t\t<div class=\"elementor-widget-container\">\n\t\t\t\t\t<div class=\"elementor-text-editor elementor-clearfix\"><p><strong>EVENTI SPECIALI<\/strong><\/p>\n<ul>\n<li><u>16 giugno Eco-day: pulizia in canoa<\/u>: gratuita con prenotazione obbligatoria<\/li>\n<li><u>18 giugno Ecoday pomeriggio<\/u>: escursione in canoa \u20ac3,00 a persona<\/li>\n<li><u>22 giugno<\/u> Alberto Collodel BALLAD FOR A TREE: gratuito<\/li>\n<li><u>7 luglio Passeggiata Sonora<\/u>: \u20ac 4,00<\/li>\n<li><u>27 luglio Crociera Jazz In Laguna<\/u>: navigazione + guida + cena + concerto \u20ac 75,00<\/li>\n<\/ul><\/div>\n\t\t\t\t<\/div>\n\t\t\t\t<\/div>\n\t\t\t\t\t<\/div>\n\t\t<\/div>\n\t\t\t\t\t\t\t<\/div>\n\t\t<\/section>\n\t\t\t\t\t\t\t<\/div>\n\t\t","protected":false},"excerpt":{"rendered":"<p>Per la XIII edizione di Sile Jazz la rassegna si decliner\u00e0 in diciassette appuntamenti, dal 7 giugno al 27 luglio, in 14 Comuni tra le province di Treviso e Venezia, seguendo il placido corso del fiume Sile. \u00c8 il festival pi\u00f9 green del Veneto. Unire la musica alla natura, seguendo in punta di piedi il &hellip; <\/p>\n<p class=\"link-more\"><a href=\"https:\/\/www.silejazz.com\/web\/edizione-2024\/\" class=\"more-link\">Read More <span class=\"screen-reader-text\"> &#8220;Edizione 2024&#8221;<\/span><\/a><\/p>\n","protected":false},"author":1,"featured_media":0,"parent":0,"menu_order":0,"comment_status":"closed","ping_status":"closed","template":"","meta":{"footnotes":""},"class_list":["post-5602","page","type-page","status-publish","hentry"],"_links":{"self":[{"href":"https:\/\/www.silejazz.com\/web\/wp-json\/wp\/v2\/pages\/5602","targetHints":{"allow":["GET"]}}],"collection":[{"href":"https:\/\/www.silejazz.com\/web\/wp-json\/wp\/v2\/pages"}],"about":[{"href":"https:\/\/www.silejazz.com\/web\/wp-json\/wp\/v2\/types\/page"}],"author":[{"embeddable":true,"href":"https:\/\/www.silejazz.com\/web\/wp-json\/wp\/v2\/users\/1"}],"replies":[{"embeddable":true,"href":"https:\/\/www.silejazz.com\/web\/wp-json\/wp\/v2\/comments?post=5602"}],"version-history":[{"count":35,"href":"https:\/\/www.silejazz.com\/web\/wp-json\/wp\/v2\/pages\/5602\/revisions"}],"predecessor-version":[{"id":6067,"href":"https:\/\/www.silejazz.com\/web\/wp-json\/wp\/v2\/pages\/5602\/revisions\/6067"}],"wp:attachment":[{"href":"https:\/\/www.silejazz.com\/web\/wp-json\/wp\/v2\/media?parent=5602"}],"curies":[{"name":"wp","href":"https:\/\/api.w.org\/{rel}","templated":true}]}}

<div data-elementor-type="wp-page" data-elementor-id="5602" class="elementor elementor-5602">
									<section class="elementor-section elementor-top-section elementor-element elementor-element-b51d145 elementor-section-content-middle elementor-section-boxed elementor-section-height-default elementor-section-height-default" data-id="b51d145" data-element_type="section">
						<div class="elementor-container elementor-column-gap-default">
					<div class="elementor-column elementor-col-100 elementor-top-column elementor-element elementor-element-2f5f08c" data-id="2f5f08c" data-element_type="column">
			<div class="elementor-widget-wrap elementor-element-populated">
								<div class="elementor-element elementor-element-f823134 elementor-widget elementor-widget-image" data-id="f823134" data-element_type="widget" data-widget_type="image.default">
				<div class="elementor-widget-container">
			<style>/*! elementor - v3.13.3 - 22-05-2023 */
.elementor-widget-image{text-align:center}.elementor-widget-image a{display:inline-block}.elementor-widget-image a img[src$=".svg"]{width:48px}.elementor-widget-image img{vertical-align:middle;display:inline-block}</style>        <div class="elementor-image">
                                                <img loading="lazy" decoding="async" width="1609" height="630" src="https://www.silejazz.com/web/wp-content/uploads/2024/05/SileJazz_AcqueSonore2024_copertina-1.jpg" class="attachment-full size-full wp-image-5692" alt="" srcset="https://www.silejazz.com/web/wp-content/uploads/2024/05/SileJazz_AcqueSonore2024_copertina-1.jpg 1609w, https://www.silejazz.com/web/wp-content/uploads/2024/05/SileJazz_AcqueSonore2024_copertina-1-300x117.jpg 300w, https://www.silejazz.com/web/wp-content/uploads/2024/05/SileJazz_AcqueSonore2024_copertina-1-1024x401.jpg 1024w, https://www.silejazz.com/web/wp-content/uploads/2024/05/SileJazz_AcqueSonore2024_copertina-1-768x301.jpg 768w, https://www.silejazz.com/web/wp-content/uploads/2024/05/SileJazz_AcqueSonore2024_copertina-1-1536x601.jpg 1536w, https://www.silejazz.com/web/wp-content/uploads/2024/05/SileJazz_AcqueSonore2024_copertina-1-400x157.jpg 400w" sizes="auto, (max-width: 1609px) 100vw, 1609px" />                                                            </div>
        		</div>
				</div>
				<div class="elementor-element elementor-element-0833189 elementor-widget elementor-widget-text-editor" data-id="0833189" data-element_type="widget" data-widget_type="text-editor.default">
				<div class="elementor-widget-container">
			<style>/*! elementor - v3.13.3 - 22-05-2023 */
.elementor-widget-text-editor.elementor-drop-cap-view-stacked .elementor-drop-cap{background-color:#69727d;color:#fff}.elementor-widget-text-editor.elementor-drop-cap-view-framed .elementor-drop-cap{color:#69727d;border:3px solid;background-color:transparent}.elementor-widget-text-editor:not(.elementor-drop-cap-view-default) .elementor-drop-cap{margin-top:8px}.elementor-widget-text-editor:not(.elementor-drop-cap-view-default) .elementor-drop-cap-letter{width:1em;height:1em}.elementor-widget-text-editor .elementor-drop-cap{float:left;text-align:center;line-height:1;font-size:50px}.elementor-widget-text-editor .elementor-drop-cap-letter{display:inline-block}</style>		<div class="elementor-text-editor elementor-clearfix"><p>Per la XIII edizione di Sile Jazz la rassegna si declinerà in diciassette appuntamenti, dal 7 giugno al 27 luglio, in 14 Comuni tra le province di Treviso e Venezia, seguendo il placido corso del fiume Sile.</p></div>
				</div>
				</div>
				<div class="elementor-element elementor-element-3088364 elementor-widget elementor-widget-text-editor" data-id="3088364" data-element_type="widget" data-widget_type="text-editor.default">
				<div class="elementor-widget-container">
					<div class="elementor-text-editor elementor-clearfix"><p>È il festival più green del Veneto. Unire la musica alla natura, seguendo in punta di piedi il percorso, sinuoso e placido, del fiume Sile è stata la mission di <span style="text-decoration: underline;">Sile Jazz</span> fin dalla sua prima edizione.</p><p>Una rassegna che fa parte della rete Jazz Takes the Green, che ha portato, sempre con delicatezza e attenzione alla convivenza di ecosistemi naturali e culturali, 171 concerti e 19.500 persone ad ascoltare jazz, scoprendo un territorio meraviglioso.<br />Per l’edizione numero 13 il direttore artistico Alessandro Fedrigo ha realizzato un percorso itinerante di 17 appuntamenti con il jazz in 14 Comuni delle province di Treviso e Venezia.</p><p>“Con grande soddisfazione – sottolinea Fedrigo &#8211; ci apprestiamo ad esplorare anche quest’anno le rive del Sile in un percorso musicale fatto di artisti straordinari, giovani talenti, nuove produzioni in luoghi sempre suggestivi con escursioni tra musica, acqua e terra. A guidarci, come sempre, sarà la curiosità di scoprire qualcosa di nuovo”.</p><p>Big del jazz europeo come Paul Van Kemenade Classic Quintet, Heliotrope o Eve Beuvens &amp; Mikael Godée Quartet si andranno ad affiancare a proposte musicali che spaziano dal jazz più tradizionale alla sperimentazione dipingendo un quadro straordinario della contemporaneità del genere.<br />Immancabili gli eventi speciali come l’Eco Day con la pulizia del fiume Sile, la Passeggiata Sonora per Treviso e la tradizionale Crociera Jazz in Laguna che chiuderà l’edizione.</p><p>LOCATION</p><p>I 14 Comuni coinvolti in Sile Jazz saranno, nel Trevigiano, Quinto di Treviso, Casier, Silea, Roncade, Casale sul Sile, Istrana, Morgano, Mogliano Veneto, Vedelago, Zero Branco, Preganziol e Treviso, e, nel Veneziano, Jesolo, Quarto d’Altino e Venezia.<br />Per la prima volta saranno abitati dalla musica location come Casa Cozzi a Zero Branco, il Parco di Cortellazzo e il Salice degli Innamorati a Buranelli, Treviso.</p><p>IL PROGRAMMA</p><p>Sile Jazz inizia da “casa” inaugurando la tredicesima edizione con un primo fine settimana live sule rive del fiume. Il debutto, diventato ormai una tradizione, al Porticciolo di Casale sul Sile, Treviso, sarà con l’Enrico Casarotto Trio (7 giugno, ore 21) che si racconta attraverso composizioni originali di Casarotto frutto di una scrittura jazz contemporanea, mista a elementi caratteristici del rock e dell’improvvisazione. Il secondo live (8 giugno, ore 21) porta sul palco Piazza San Michele, Quarto d’Altino, Venezia, un big del jazz europeo come l’olandese Paul Van Kemenade Classic Quintet che ha alle spalle una storia di note lunga oltre 40 anni. A chiudere il primo fine settimana, a Villa Lattes di Istrana, Treviso, sarà il Giacomo Aula Trio (9 giugno, ore 21), composto dal pianista che dà il nome al progetto con il contrabbassista israeliano Dani Sorek e il batterista Francesco Scopelliti.</p><p>In apertura del secondo fine settimana di musica, il Parco dell’Isola, Roncade, Treviso, ospiterà il duo Heliotrope (14 giugno, ore 21) dei canadesi François Houle e Gordon Grdina che attingono senza soluzione di continuità dalla tradizione jazz americana, dall’avant-jazz e dalla classica. Si continuerà nella Biblioteca di Preganziol, Treviso, con il progetto Two and the Machine (15 giugno, ore 21) che vede assieme il trombettista Michele Tedesco, il batterista Gian Ranieri Bertoncini e… l’emettitore sonoro digitale PCQ5M979Y0, e in Piazza Pio X, Casier, Treviso con il jazz vivace e armonioso del Valdobbiadenejazz Ensemble (16 giugno, ore 21) evento culminante l’“Eco Day The Clean River”.</p><p>La terza settimana sarà tenuta a battesimo dal Piero Gaddi Quartet (con l’innesto del chitarrista svedese Bjørn Solli) nel Parco della Centrale Idroelettrica di Silea, Treviso (21 giugno, ore 21) seguita da un doppio programma a Treviso (22 giugno), prima con l’evento realizzato nell’ambito del Public Program del Padiglione Italia alla Biennale Arte 2024 – curato da Luca Cerizza  e promosso dalla Direzione Generale Creatività Contemporanea del Ministero della Cultura –, la performance al Salice degli Innamorati “Ballad for a Tree” dell’artista Massimo Bartolini con il clarinettista Alberto Collodel (ore 18.30), poi con il Michele Polga Quartet alla Loggia dei Cavalieri (ore 21). L’Oasi di Cervara a Quinto di Treviso ospiterà, il giorno dopo, il quartetto Patterns for Transcendence, guidato dal bassista Leonardo Barbierato (23 giugno, ore 18.30).</p><p>Si arriva al mare, nel weekend successivo, con il trio della contrabbassista Federica Michisanti (28 giugno, ore 21) attesa al Porto di Cortellazzo, Venezia, per poi tornare nella Marca, al Casello 104 di Morgano, Treviso, con le Atmosfere rarefatte lynchiane del Marco Cesarini &amp; Henry Mclusky (29 giugno, ore 21).</p><p>Intensissima la settimana successiva di programmazione che si apre al Parco della Cultura Antonio Caregaro Negrin, Mogliano Veneto, Treviso, grazie al jazz arioso e poetico del Eve Beuvens &amp; Mikael Godée Quartet (5 luglio, ore 21), per arrivare, per la prima volta, a Casa Luisa e Gaetano Cozzi, Zero Branco, Treviso, nel concerto Return&amp;Crossing realizzato in collaborazione con Fondazione Benetton (6 luglio, ore 21) e chiudersi con la giornata nel centro di Treviso (7 luglio) che si inaugurerà alle 10 con la Passeggiata Sonora per la città in collaborazione con Rocking Motion impreziosita dalle performance sonore dei Satoyama, protagonisti del concerto alle 21 alla Loggia dei Cavalieri.</p><p>Extradate a Villa Grimani Morosini Gatterburg, Albaredo di Vedelago, Treviso, grazie al finale basato sulla fantasia del duo piano/sassofono di Tommaso Genovesi e Alberto Vianello (14 luglio, ore 21).</p><p>L’arrivederci al prossimo anno di Sile Jazz lo darà la tradizionale e seguitissima Crociera Jazz in Laguna che partirà il 27 luglio alle 18.30 da Portegrandi di Quarto d’Altino alla scoperta della Laguna di Venezia accompagnati dalle note di Pentatrio.</p></div>
				</div>
				</div>
					</div>
		</div>
							</div>
		</section>
				<section class="elementor-section elementor-top-section elementor-element elementor-element-6602ff6 elementor-section-boxed elementor-section-height-default elementor-section-height-default" data-id="6602ff6" data-element_type="section">
						<div class="elementor-container elementor-column-gap-default">
					<div class="elementor-column elementor-col-50 elementor-top-column elementor-element elementor-element-cee9cd4" data-id="cee9cd4" data-element_type="column">
			<div class="elementor-widget-wrap elementor-element-populated">
								<div class="elementor-element elementor-element-1bc9f66 elementor-widget elementor-widget-text-editor" data-id="1bc9f66" data-element_type="widget" data-widget_type="text-editor.default">
				<div class="elementor-widget-container">
					<div class="elementor-text-editor elementor-clearfix"><p>INFO e BIGLIETTI</p><p>Biglietto (ad eccezione di eventi speciali) € 3,00 + commissioni su oooh.events; € 5,00 in loco, fino a esaurimento posti.</p><p>In caso di maltempo i concerti si terranno in un luogo al coperto vicino alla venue: il giorno del concerto consulta le pagine Facebook e Instagram di Sile Jazz per sapere dove si terrà l’evento.</p></div>
				</div>
				</div>
					</div>
		</div>
				<div class="elementor-column elementor-col-50 elementor-top-column elementor-element elementor-element-e4b0c25" data-id="e4b0c25" data-element_type="column">
			<div class="elementor-widget-wrap elementor-element-populated">
								<div class="elementor-element elementor-element-21fa402 elementor-widget elementor-widget-text-editor" data-id="21fa402" data-element_type="widget" data-widget_type="text-editor.default">
				<div class="elementor-widget-container">
					<div class="elementor-text-editor elementor-clearfix"><p><strong>EVENTI SPECIALI</strong></p>
<ul>
<li><u>16 giugno Eco-day: pulizia in canoa</u>: gratuita con prenotazione obbligatoria</li>
<li><u>18 giugno Ecoday pomeriggio</u>: escursione in canoa €3,00 a persona</li>
<li><u>22 giugno</u> Alberto Collodel BALLAD FOR A TREE: gratuito</li>
<li><u>7 luglio Passeggiata Sonora</u>: € 4,00</li>
<li><u>27 luglio Crociera Jazz In Laguna</u>: navigazione + guida + cena + concerto € 75,00</li>
</ul></div>
				</div>
				</div>
					</div>
		</div>
							</div>
		</section>
							</div>

<p>Per la XIII edizione di Sile Jazz la rassegna si declinerà in diciassette appuntamenti, dal 7 giugno al 27 luglio, in 14 Comuni tra le province di Treviso e Venezia, seguendo il placido corso del fiume Sile. È il festival più green del Veneto. Unire la musica alla natura, seguendo in punta di piedi il &hellip; </p>
<p class="link-more"><a href="https://www.silejazz.com/web/edizione-2024/" class="more-link">Read More <span class="screen-reader-text"> &#8220;Edizione 2024&#8221;</span></a></p>
